= -24*w + 28*w. Suppose 2*u + 4*a + 76 = 6*u, 5*a = -w*u + 52. Let n = -25 + 36. What is the remainder when u is divided by n?
10
Suppose 475 = -8*w + 1339. Calculate the remainder when w is divided by 31.
15
Calculate the remainder when 76 is divided by (3/1)/(-12)*(2 - 6).
0
Let s be -36*1*1/(-2). Let w = 27 - s. What is the remainder when (-6)/(-21) - (-486)/14 is divided by w?
8
Suppose 0 = -4*w - w + 560. Suppose -6*o + w + 224 = 0. Suppose 5*n - 50 = 25. What is the remainder when o is divided by n?
11
Suppose -a - 1 = 1. Let n = a + 9. What is the remainder when 25 is divided by n?
4
Let p = 47 - 38. What is the remainder when 75 is divided by 3 - (p - 6) - 26/(-1)?
23
Let f(p) = 7*p**2 + 3*p + 1. Suppose y + 2*a + 2*a = 82, -8 = 4*a. Calculate the remainder when y is divided by f(-2).
21
Suppose -543 = 5*r + 3*y, 0 = 4*y - 1 + 5. Let o = 190 + r. Suppose 2*k - o = 4*u, -5*k - 5*u + 225 = 5. Calculate the remainder when k is divided by 11.
10
What is the remainder when 417 is divided by -2 + 44/20 + 3816/45?
77
Let m(x) = -x**3 - 11*x**2 - 10*x - 14. Suppose 25 + 8 = -3*n. Let b be m(n). Let q = b - -33. What is the remainder when q is divided by 33?
30
Let h be 32/(-80) + ((-7)/(-5) - -1). Suppose -c - h*k + 25 = 0, -1 + 6 = 2*c - 5*k. What is the remainder when c is divided by 11?
4
Suppose -137 = -2*n + 3*z, -17*n + 4*z - 41 = -18*n. What is the remainder when 114 is divided by n?
53
Let o = -247 - -259. What is the remainder when 66 is divided by o?
6
Suppose 0 = 4*f + 19*d - 15*d - 36, -2*d = 5*f - 45. What is the remainder when 23 is divided by f?
5
Suppose p = 2*o + 19, 4*p + 4*o - 9*o - 88 = 0. Calculate the remainder when 426 is divided by p.
21
Suppose 0 = 3*j + 5*i + 143, -i = -5*j + 4*i - 305. Calculate the remainder when 93 is divided by (-1)/(-3) - j/3.
17
Suppose -1 = o + 3*s, -o - 2 = 3*s + s. Suppose -37 = -h + v, 5*h + o*v - 185 = -v. What is the remainder when h is divided by 19?
18
Let w be -1*(1 - (0 - -1)). Suppose w*l - 2*l = 76. Let u = l + 65. Calculate the remainder when 132 is divided by u.
24
Let r be 10/45 + 34/9. Let h = -12 - -32. What is the remainder when h is divided by r/(4/(-8) + 1)?
4
Let u(j) = -j**2 + 20*j + 40. Let a(i) = -4*i + 20. Let b be a(0). What is the remainder when u(b) is divided by 15?
10
What is the remainder when (-125493)/(-590) - (-3)/10 is divided by 43?
41
Suppose 3*f - 10*f - 7 = 0. What is the remainder when (-1)/f*5/((-25)/(-855)) is divided by 29?
26
Calculate the remainder when 172 is divided by (7/14*-249)/3*-2.
6
Let h(i) = -i**2 - 7*i + 6. Calculate the remainder when 205 is divided by h(-5).
13
Let d(s) = 2*s**2 + 2*s - 2. Let b be d(-3). Suppose -b = -2*m + 12. Let k = -7 + m. Calculate the remainder when 7 is divided by k.
3
Let i(s) = 2*s**3 - 9*s**2 - 3*s + 6. Let t be i(5). Calculate the remainder when (96/16)/((2/1)/t) is divided by 26.
22
Let s(w) = w**2 + 7. Let n be s(-5). Let t = 45 - n. Suppose 12*d + 189 = 15*d. Calculate the remainder when d is divided by t.
11
Let n = 351 - 316. What is the remainder when 137 is divided by n?
32
Suppose 11*a - 6*a + 30 = 0. Calculate the remainder when 10 is divided by 3/(((-3)/a)/1).
4
Suppose 0 = -2*b - 0*b - 36. Let d = 39 + b. What is the remainder when d is divided by 12?
9
Let t(a) = a**3 + 14*a**2 + 17*a - 23. Let f(d) = -d**2 + d + 1. Let z(l) = -3*f(l) + t(l). Calculate the remainder when z(-16) is divided by 4.
2
Suppose -74 + 259 = 5*q. Calculate the remainder when q is divided by 14.
9
Calculate the remainder when (2*1/(-3))/(14/(-3969)) is divided by 19.
18
Let f = -13 - -25. Let q = 329 + -294. Calculate the remainder when q is divided by f.
11
Suppose 0*y = 3*y, 0 = -3*s + 4*y + 351. Suppose f = 26 - 6. Calculate the remainder when (3/(-3))/((-3)/s) is divided by f.
19
Suppose -5*o - 4*s = -10*o + 29, -4*o + 2*s + 28 = 0. Suppose -o*v + 15 = -8*v. Let x(z) = z**2 - 11*z - 5. What is the remainder when x(v) is divided by 8?
7
Let u be (-4)/(916/308 + -3). Suppose 5*c - 22 = -v, 0 = -5*v - 4*c + u - 44. What is the remainder when 83 is divided by v?
17
Calculate the remainder when 58 is divided by (16/12)/(-2 - 462/(-225)).
8
Let r(q) = -96*q + 1. Let h(j) = 13*j - 44. Let x be h(16). Let l = x - 139. What is the remainder when r(-1) is divided by l?
22
Suppose -108 = -5*k + 4*b, 5*k + 6*b - 126 = 4*b. What is the remainder when k is divided by 5?
4
Let p be 3*10*(-20)/(-25). Suppose 23*l = p*l - 3. Suppose -s - 3 = l*v, -9 = s - 3*s - v. Calculate the remainder when 16 is divided by s.
4
Let n(k) = -k**3 + 10*k**2 - 2*k + 25. What is the remainder when 97 is divided by n(10)?
2
Let d(y) = 15*y + 30. Let s be d(6). Let w be -1 + ((-708)/2)/(-2). Suppose -4*x = -s - w. What is the remainder when x is divided by 25?
24
Let d(a) = -2*a**2 + 33*a + 171. Calculate the remainder when 477/4 + (-5)/20 is divided by d(20).
26
Calculate the remainder when 88 is divided by 23/(0 + 0 + 1).
19
Let b(m) = 4*m**2 - 2*m - 1. Let x = -274 - -264. Calculate the remainder when b(3) is divided by (1/(-4))/(x/680).
12
Let o = -66 + 144. Let s be 20/(-6)*18 + 4. Let a = o + s. What is the remainder when a is divided by 6?
4
Suppose 0 = 2*m + 4*g - 172, -m + 4*g = -g - 93. Calculate the remainder when m is divided by 30.
28
Let s = 49 - 27. Calculate the remainder when 409 is divided by s.
13
Let t(j) = 51 + j**2 - 28 - 7*j - 36. Calculate the remainder when 61 is divided by t(-3).
10
Let o(t) = 11*t - 12. Suppose -4*i + 15 = -7*i. Let u be i*1/(-5) + 2. Calculate the remainder when 104 is divided by o(u).
20
Suppose 3*z = -a + 76 - 4, 2*z - 10 = 0. What is the remainder when a is divided by 15?
12
Let f(s) = -s**3 + 11*s**2 - 13*s + 10. Suppose -k - 4*k + 415 = 0. Suppose k = 3*q - 4. What is the remainder when f(9) is divided by q?
26
Suppose 5*o = 5, 109*w - 29 = 104*w - 4*o. Calculate the remainder when 92 is divided by w.
2
Suppose -264 = 6*u - 28*u. Suppose -4*o + 3 = -5*r, 5 = 5*o - r - 4. What is the remainder when 561/12 + o/8 is divided by u?
11
Suppose 5*i - 8*i + 9 = 0. Suppose -i*a + 107 = -2*d, a - 29 = 4*d - 0*d. Let n = 4 - -4. Calculate the remainder when a is divided by n.
5
Suppose 4*c + 3 = -9. Let t = -4 + 2. Calculate the remainder when 15 is divided by (11 - (t - c)) + -1.
6
Suppose 1 - 5 = 3*m - 2*w, 5*w = 2*m + 21. What is the remainder when 35 is divided by m?
1
Let j(r) = 12*r**2 + 4*r + 27. Calculate the remainder when j(-5) is divided by 22.
21
Suppose 50 - 8 = 7*x. Suppose 5*n + p - 320 = x*p, -3*p = 2*n - 138. Calculate the remainder when n is divided by 23.
20
Let c = -44 - -43. Calculate the remainder when 55 is divided by (2/(-1 + -1))/(c/19).
17
Suppose 0*v = 2*v + 4*s - 16, -2*v + 5*s + 16 = 0. Let k(w) = -6*w - 39. What is the remainder when k(-10) is divided by v?
5
Let y(l) = -l**2 - 5*l + 5. Calculate the remainder when 24 is divided by y(-3).
2
Suppose -2*w - 32*n = -33*n - 524, 5*w - 1315 = 5*n. Calculate the remainder when w is divided by 67.
60
Let p be (-1 - -3)*-3*4/(-24). Let r = p + 34. What is the remainder when 137 is divided by r?
32
Let m(t) = 6*t**2 - t - 1. Let l be m(2). Suppose -5*h = -0*h - 325. Suppose l - h = -4*x. What is the remainder when x is divided by 4?
3
Let n be (-3 - 1)/(-1) - 0. Let t be ((-20)/(-35))/((-3)/(-21)). Suppose 3*s - 47 = 3*u + u, -t*s + n*u + 56 = 0. What is the remainder when s is divided by 5?
4
Let w be (-1 + 2)/(4/16). Let t(c) = -3*c - 12. What is the remainder when 1 - w/(-4) - -25 is divided by t(-6)?
3
Suppose -2*i = -4*r + 487 + 55, -r + i = -138. Suppose r + 15 = -4*q. Let t = q - -55. What is the remainder when 33 is divided by t?
15
Let v(r) be the first derivative of -r**3/3 + 17*r**2/2 + 11*r + 48. Calculate the remainder when v(12) is divided by 6.
5
Let o(b) = 19*b + 14. Calculate the remainder when 22 is divided by o(0).
8
Let l(w) = w**2 - 13*w + 74. Calculate the remainder when l(13) is divided by 15.
14
Let b(n) = 2*n + 18. What is the remainder when (-318)/(-21) - (1 + 6/(-7)) is divided by b(-8)?
1
Let b(d) be the third derivative of d**6/120 - d**5/10 + d**4/3 - 5*d**3/6 - 4*d**2. Calculate the remainder when 27 is divided by b(5).
7
Let s be ((-19)/(-2))/(-5*3/(-30)). Suppose -5*r + s + 21 = -2*j, 4*r = -2*j + 50. Calculate 